43326?
18
What is the remainder when 268114 is divided by 2506?
2478
Calculate the remainder when 386897 is divided by 270.
257
What is the remainder when 262339 is divided by 86940?
1519
Calculate the remainder when 213464 is divided by 583.
86
Calculate the remainder when 727504 is divided by 856.
760
What is the remainder when 5976730 is divided by 747090?
10
Calculate the remainder when 538475 is divided by 53837.
105
What is the remainder when 238500175 is divided by 236?
227
Calculate the remainder when 2997443 is divided by 8303.
60
What is the remainder when 421243 is divided by 277?
203
What is the remainder when 948661 is divided by 473944?
773
What is the remainder when 311563 is divided by 11090?
1043
Calculate the remainder when 67679 is divided by 364.
339
What is the remainder when 6290613 is divided by 305?
293
What is the remainder when 338213 is divided by 1025?
988
Calculate the remainder when 7771228 is divided by 45.
43
What is the remainder when 380584 is divided by 8148?
5776
What is the remainder when 2649383 is divided by 64?
39
What is the remainder when 2069705 is divided by 452?
449
Calculate the remainder when 8376978 is divided by 7197.
6867
Calculate the remainder when 8630666 is divided by 811.
4
What is the remainder when 609391 is divided by 377?
159
What is the remainder when 550631 is divided by 1260?
11
Calculate the remainder when 239389 is divided by 322.
143
Calculate the remainder when 15409459 is divided by 2320.
19
Calculate the remainder when 137338432 is divided by 68669210.
12
Calculate the remainder when 234899707 is divided by 527.
524
Calculate the remainder when 175137 is divided by 8339.
18
Calculate the remainder when 6328178 is divided by 3769.
27
Calculate the remainder when 553858 is divided by 359.
280
What is the remainder when 5478710 is divided by 547858?
130
What is the remainder when 6529865 is divided by 3264927?
11
Calculate the remainder when 3044602 is divided by 10.
2
Calculate the remainder when 61390382 is divided by 61390371.
11
What is the remainder when 10463970 is divided by 507?
504
Calculate the remainder when 26754586 is divided by 65.
1
Calculate the remainder when 1303081 is divided by 434358.
7
What is the remainder when 127879 is divided by 1826?
59
What is the remainder when 519933 is divided by 228?
93
What is the remainder when 74059 is divided by 12247?
577
Calculate the remainder when 5754 is divided by 4747.
1007
Calculate the remainder when 23698538 is divided by 279.
278
What is the remainder when 85723857 is divided by 51?
48
Calculate the remainder when 3195311 is divided by 1597401.
509
What is the remainder when 13444763 is divided by 26208?
59
Calculate the remainder when 1567457 is divided by 1567450.
7
Calculate the remainder when 48359231 is divided by 472.
471
Calculate the remainder when 150247 is divided by 1242.
1207
Calculate the remainder when 3012021 is divided by 1505991.
39
What is the remainder when 3624289 is divided by 362425?
39
What is the remainder when 273762162 is divided by 3?
0
Calculate the remainder when 7838839 is divided by 3919418.
3
What is the remainder when 368699 is divided by 1312?
27
What is the remainder when 914538 is divided by 1075?
788
What is the remainder when 10271 is divided by 208?
79
What is the remainder when 1538236 is divided by 152?
148
What is the remainder when 2981473 is divided by 435?
418
What is the remainder when 14634918 is divided by 112?
102
Calculate the remainder when 56764 is divided by 44.
4
What is the remainder when 80495778 is divided by 405?
3
Calculate the remainder when 14051 is divided by 28.
23
What is the remainder when 824018 is divided by 68?
62
What is the remainder when 512474 is divided by 128108?
42
What is the remainder when 3608159 is divided by 721630?
9
Calculate the remainder when 91226510 is divided by 1900552.
14
Calculate the remainder when 1957698 is divided by 1957679.
19
Calculate the remainder when 8071026 is divided by 1464.
1458
What is the remainder when 679682065 is divided by 31?
28
What is the remainder when 9954 is divided by 4615?
724
Calculate the remainder when 2622595 is divided by 13516.
491
What is the remainder when 35914998 is divided by 35914980?
18
What is the remainder when 1018436 is divided by 185?
11
What is the remainder when 6600138 is divided by 337?
330
What is the remainder when 717416 is divided by 143091?
1961
What is the remainder when 6085189 is divided by 132274?
585
What is the remainder when 1870914 is divided by 50563?
83
Calculate the remainder when 109872 is divided by 15693.
21
Calculate the remainder when 700952 is divided by 17086.
426
What is the remainder when 167648271 is divided by 725750?
21
Calculate the remainder when 40770210 is divided by 203851.
10
What is the remainder when 3475 is divided by 3177?
298
What is the remainder when 3546972 is divided by 208645?
7
What is the remainder when 5723869 is divided by 707?
704
Calculate the remainder when 258149 is divided by 52.
21
Calculate the remainder when 6301316 is divided by 59.
57
What is the remainder when 11580403 is divided by 518?
513
Calculate the remainder when 4960041 is divided by 11376.
105
Calculate the remainder when 141676 is divided by 1715.
1046
Calculate the remainder when 2296470 is divided by 145.
105
Calculate the remainder when 170539 is divided by 5.
4
What is the remainder when 36310885 is divided by 282?
1
What is the remainder when 75554 is divided by 992?
162
Calculate the remainder when 3269881 is divided by 544976.
25
Calculate the remainder when 2362364 is divided by 1180653.
1058
What is the remainder when 518223 is divided by 6094?
233
What is the remainder when 62792 is divided by 1461?
1430
What is the remainder when 20403 is divided by 2397?
1227
Calculate the remainder when 234992 is divided by 137.
37
Calculate the remainder when 2538985 is divided by 846254.
223
What is the remainder when 6900928 is divided by 3450429?
70
What is the remainder when 617020 is divided by 205661?
37
Calculate the remainder when 2032364 is divided by 688.
12
Calculate the remainder when 6541296 is divided by 6541288.
8
Calculate the remainder when 163423 is divided by 8597.
80
Calculate the remainder when 2309027 is divided by 7377.
26
Calculate the remainder when 904529314 is divided by 12.
10
What is the remainder when 7536884 is divided by 1507350?
134
What is the remainder when 149847637 is divided by 36?
13
What is the remainder when 28029 is divided by 8892?
1353
Calculate the remainder when 55107637 is divided by 933.
925
Calculate the remainder when 37450 is divided by 11192.
3874
What is the remainder when 34910706 is divided by 19?
11
Calculate the remainder when 315702 is divided by 157840.
22
Calculate the remainder when 1022329 is divided by 7867.
7486
Calculate the remainder when 17817871 is divided by 1214.
1207
What is the remainder when 13246118 is divided by 1043?
18
Calculate the remainder when 31722154 is divided by 29291.
1
Calculate the remainder when 590012637 is divided by 135.
132
Calculate the remainder when 99502 is divided by 1840.
142
What is the remainder when 163267072 is divided by 2267?
2266
What is the remainder when 203043111 is divided by 49?
47
What is the remainder when 1179114 is divided by 294777?
6
What is the remainder when 4896385 is divided by 7783?
878
What is the remainder when 11979342 is divided by 1089021?
111
Calculate the remainder when 908710 is divided by 855.
700
Calculate the remainder when 902215 is divided by 1335.
1090
Calculate the remainder when 2654516 is divided by 82953.
20
What is the remainder when 30214517 is divided by 280?
277
Calculate the remainder when 18490279 is divided by 130.
119
What is the remainder when 117797 is divided by 16822?
43
What is the remainder when 10401532 is divided by 8?
4
What is the remainder when 140710220 is divided by 70355110?
0
Calculate the remainder when 2105370 is divided by 125.
120
What is the remainder when 134499810 is divided by 1211710?
0
Calculate the remainder when 162705 is divided by 3101.
1453
Calculate the remainder when 7615153 is divided by 3686.
3563
Calculate the remainder when 248601731 is divided by 15.
11
Calculate the remainder 